when 15148709 is divided by 445?
19
What is the remainder when 26369873 is divided by 15?
8
What is the remainder when 2280298 is divided by 1883?
1868
What is the remainder when 57004648 is divided by 2297?
2296
Calculate the remainder when 88412 is divided by 9698.
1130
What is the remainder when 748461 is divided by 122?
113
Calculate the remainder when 173725 is divided by 3632.
3021
Calculate the remainder when 84627 is divided by 10339.
1915
What is the remainder when 11006827 is divided by 5781?
5584
Calculate the remainder when 39400318 is divided by 120.
118
Calculate the remainder when 1013671 is divided by 959.
8
What is the remainder when 307176 is divided by 565?
381
Calculate the remainder when 98220439 is divided by 561.
559
Calculate the remainder when 61551999 is divided by 17.
14
Calculate the remainder when 314065 is divided by 535.
20
What is the remainder when 26398043 is divided by 18?
17
What is the remainder when 1727989 is divided by 1679?
298
Calculate the remainder when 59840116 is divided by 1384.
108
What is the remainder when 8345268 is divided by 54?
0
What is the remainder when 1695925 is divided by 1695615?
310
Calculate the remainder when 289216 is divided by 95474.
2794
Calculate the remainder when 7171682 is divided by 58.
40
What is the remainder when 10249054 is divided by 379594?
16
Calculate the remainder when 2757136 is divided by 145.
106
Calculate the remainder when 29599064 is divided by 7.
5
Calculate the remainder when 250256936 is divided by 193.
12
What is the remainder when 6736574 is divided by 777?
761
What is the remainder when 3057032 is divided by 22314?
14
What is the remainder when 49372 is divided by 2792?
1908
Calculate the remainder when 2538589 is divided by 9333.
13
Calculate the remainder when 2352470 is divided by 3670.
0
Calculate the remainder when 15264559 is divided by 11991.
16
What is the remainder when 1899794 is divided by 14727?
11
Calculate the remainder when 3460801 is divided by 36425.
426
What is the remainder when 138632772 is divided by 572?
564
Calculate the remainder when 184685383 is divided by 35938.
1
Calculate the remainder when 421502 is divided by 37.
35
Calculate the remainder when 20242 is divided by 9944.
354
Calculate the remainder when 227805 is divided by 6807.
3174
What is the remainder when 1816832 is divided by 908397?
38
What is the remainder when 310376 is divided by 3597?
1034
Calculate the remainder when 463814 is divided by 14.
8
Calculate the remainder when 6542183 is divided by 234.
11
What is the remainder when 49110 is divided by 48894?
216
What is the remainder when 270601 is divided by 4039?
4027
What is the remainder when 827772 is divided by 7593?
135
What is the remainder when 879257 is divided by 10381?
7253
What is the remainder when 33250398 is divided by 3736?
3734
Calculate the remainder when 470736 is divided by 2210.
6
What is the remainder when 3242990 is divided by 239?
238
What is the remainder when 163218 is divided by 1380?
378
What is the remainder when 55927 is divided by 4106?
2549
Calculate the remainder when 15165 is divided by 4336.
2157
What is the remainder when 668798 is divided by 110?
108
What is the remainder when 3803276 is divided by 891?
488
Calculate the remainder when 7586311 is divided by 956.
451
Calculate the remainder when 15922135 is divided by 37.
36
Calculate the remainder when 398181 is divided by 6600.
2181
Calculate the remainder when 42929136 is divided by 4645.
46
What is the remainder when 16596098 is divided by 862?
12
Calculate the remainder when 185951 is divided by 20655.
56
What is the remainder when 80835 is divided by 38133?
4569
Calculate the remainder when 9865118 is divided by 46.
4
Calculate the remainder when 92965 is divided by 23236.
21
Calculate the remainder when 40777 is divided by 250.
27
Calculate the remainder when 50555 is divided by 349.
299
What is the remainder when 833149 is divided by 277711?
16
What is the remainder when 14793207 is divided by 787?
755
Calculate the remainder when 10830911 is divided by 31.
7
What is the remainder when 32874629 is divided by 1905?
44
What is the remainder when 453297 is divided by 463?
20
Calculate the remainder when 6390902 is divided by 1034.
782
Calculate the remainder when 20250117 is divided by 690.
687
What is the remainder when 3053241 is divided by 14539?
51
Calculate the remainder when 42281439 is divided by 46.
33
What is the remainder when 2152777 is divided by 1497?
91
What is the remainder when 15272852 is divided by 13?
10
What is the remainder when 387557 is divided by 12497?
150
Calculate the remainder when 6198663 is divided by 43.
41
What is the remainder when 3567259 is divided by 2068?
2027
Calculate the remainder when 4595144 is divided by 1531709.
17
Calculate the remainder when 22222153 is divided by 25.
3
What is the remainder when 9005904 is divided by 750491?
12
Calculate the remainder when 51979133 is divided by 2552.
2549
Calculate the remainder when 101284340 is divided by 6.
2
What is the remainder when 237773 is divided by 76171?
9260
Calculate the remainder when 149627 is divided by 1405.
697
Calculate the remainder when 328486 is divided by 2621.
861
What is the remainder when 6928233 is divided by 76?
73
Calculate the remainder when 28821 is divided by 1349.
492
What is the remainder when 6855392 is divided by 794?
790
Calculate the remainder when 545541 is divided by 445.
416
What is the remainder when 3322503 is divided by 23?
15
What is the remainder when 8991168 is divided by 44732?
36
What is the remainder when 1644307 is divided by 455?
392
Calculate the remainder when 2087649 is divided by 25.
24
What is the remainder when 92212 is divided by 45924?
364
Calculate the remainder when 857618095 is divided by 8.
7
What is the remainder when 251987 is divided by 125992?
3
What is the remainder when 1321070 is divided by 26406?
770
Calculate the remainder when 155084890 is divided by 508475.
15
Calculate the remainder when 190439 is divided by 95064.
311
Calculate the remainder when 30049264 is divided by 230.
224
What is the remainder when 25840174 is divided by 381?
373
Calculate the remainder when 18100280 is divided by 27.
20
What is the remainder when 6444167 is divided by 28?
23
Calculate the remainder when 1149652 is divided by 28.
0
What is the remainder when 19921 is divided by 424?
417
What is the remainder when 444363160 is divided by 67?
65
Calculate the remainder when 1139152 is divided by 1153.
1141
What is the remainder when 8768310 is divided by 40?
30
What is the remainder when 2883358 is divided by 50571?
811
Calculate the remainder when 395189 is divided by 32887.
545
What is the remainder when 6356356 is divided by 83?
50
Calculate the remainder when 23391125 is divided by 430.
415
What is the remainder when 151205 is divided by 355?
330
Calculate the remainder when 80090 is divided by 79751.
339
What is the remainder when 332692 is divided by 12206?
3130
What is the remainder when 139555 is divided by 33721?
4671
What is the remainder when 7214 is divided by 4147?
3067
Calculate the remainder when 822041 is divided by 204346.
4657
What is the remainder when 13185151 is divided by 407?
386
Calculate the remainder when 150100131 is divided by 19.
17
What is the remainder when 7532 is divided by 1091?
986
What is the remainder when 13265992 is divided by 3209?
3195
What is the remainder when 1054041 is divided by 58536?
393
Calculate the remainder when 3582636 is divided by 895643.
64
What is the remainder when 283289 is divided by 94321?
326
What is the remainder when 63715873 is divided by 39?
13
Calculate the remainder when 463712 is divided by 115855.
292
What is the remainder when 2435304 is divided by 608824?
8
Calculate the remainder when 696602 is divided by 1416.
1346
Calculate the remainder when 45392 is divided by 48.
32
What is the remainder when 29528945 is divided by 2271456?
17
Calculate the remainder when 1488249 is divided by 617.
45
Calculate the remainder when 59875 is divided by 20.
15
Calculate the remainder when 2774603 is divided by 83.
79
What is the remainder when 164016 is divided by 393?
135
What is the remainder when 2151275 is divided by 8118?
5
What